 = 96. Suppose -2*o - a = 3*n - 2, -4*o - 28 = 5*n. What is the units digit of u(o)?
2
Let t(w) = w**2 + 8*w - 67. Let a be t(-13). What is the tens digit of -62*3*-2 + (-1 - a)?
7
Let d(u) = u**3 - 2*u**2 - 4*u + 1437. What is the tens digit of d(0)?
3
Let u(j) = -99*j**3 + j**2 - 5*j + 5. Let d be u(1). Let h = d + 136. What is the tens digit of h?
3
Let x(p) = 18*p**2 - 73*p - 3. Let q(l) = 19*l**2 - 71*l - 4. Let a(j) = -4*q(j) + 5*x(j). What is the units digit of a(13)?
4
Let w(c) = 57*c**2 + 5*c + 417. What is the units digit of w(-27)?
5
Suppose 6*k - 276 = 1548. What is the units digit of (-13)/((-13)/k) + 3?
7
Suppose 4*f + 101 = -5*o, 13 - 63 = 2*o + 4*f. Let u = o - -21. What is the units digit of (u*4/(-10))/(10/(-25))?
4
Let g = 598 + -1291. Let n = 984 + g. What is the tens digit of n?
9
Suppose -498*d + 402*d = -887328. What is the units digit of d?
3
Let l be (-160)/(-40) - (0 - 4/(-2)). Suppose -j + 2*j - 481 = l*t, 4*t = -j + 511. Let o = j + -280. What is the units digit of o?
1
Let l(j) = 430*j - 33. Let t = -62 - -64. What is the tens digit of l(t)?
2
Let m = 220 - 216. Suppose m*f + 3*k = 4032, 3*f - 2*k - 1669 = 1338. What is the hundreds digit of f?
0
Suppose 0 = 17*p - 114804 + 11002. What is the tens digit of p?
0
Let v(s) be the first derivative of -s**4/4 + 8*s**3/3 - 5*s**2/2 - 3*s - 6. Let c be v(7). Let x = c - -32. What is the units digit of x?
3
Let p = 26301 - 16749. What is the units digit of p?
2
Let j be (5 - 66/14) + 12/7. What is the hundreds digit of (-6 - 7)/(j/(-68))?
4
Let b(v) = -1175*v + 163. Let w be b(-3). Suppose 5*x = w + 3852. What is the hundreds digit of x?
5
Let o = 6 - 1. Let l(z) = -2*z**3 - 3*z**2 + 2*z + 10. Let v(n) = 3*n**3 + 7*n**2 - 4*n - 22. Let f(b) = -5*l(b) - 3*v(b). What is the units digit of f(o)?
1
What is the thousands digit of (-1)/(-9 + (14818024/86656)/19)?
0
Let d be (-33)/(-9) + -1 - 18/27. Suppose -o = d*o - 4053. Suppose -12*y = -o + 343. What is the tens digit of y?
8
Suppose 3*c + 15 = 0, 732 = -j + 2*j - c. Suppose 2*g = y + j, -5*g - y - y + 1813 = 0. Suppose 0 = 3*h - 2 - 1, 2*i = -5*h + g. What is the units digit of i?
9
Let l(m) = -15*m**3 + 77*m**2 - 39*m + 30. Let b(s) = -8*s**3 + 39*s**2 - 20*s + 15. Let f(g) = -11*b(g) + 6*l(g). What is the tens digit of f(14)?
9
Let o = -426 - -426. Suppose o = -6*m + 17*m - 6864. What is the units digit of m?
4
Let b be (-14)/(-4)*(10 - (-22722)/49). Suppose -2*l + w + 1190 = 0, -5*l - 2*w + b = -1317. What is the tens digit of l?
9
Let m(y) = 0 + 3 + 22*y**2 - 5 - 11*y. Let x be m(6). Suppose 2*s = -0*s, 0 = 4*w - 3*s - x. What is the units digit of w?
1
Let y(d) = -d**3 - 6*d**2 + 2. Let r be y(-6). Suppose 25 = 5*f, 2*k - 3*f + 13 = r. Suppose k*u = 7*u - 240. What is the tens digit of u?
4
Let y be -3 + (0 - 0) + 16/4. What is the hundreds digit of (y - -1)*(0 - 2) - -118?
1
Suppose 6*m + 7 = 7*m. Let j be 2/m - (-26)/7. Suppose 280 = 2*g + j*d + 76, -4*d = 3*g - 312. What is the tens digit of g?
0
Suppose -71*r = -73*r + 822. Let w = r + -253. What is the units digit of w?
8
Suppose 5*b - 4798 = 13207. Suppose -t = 4*f - b, f + f = -5*t + 1823. What is the units digit of f?
9
Let s(r) = 5*r - 6. Let y be s(2). Suppose 3*j + 5*u + 17 = y*j, 7 = 5*j + u. Suppose -j*m = -7*m + 400. What is the units digit of m?
0
Suppose -y + 5 = 4*l, -3*l = -2*l - 2*y - 8. Suppose -l*i = 5*a - 6556 + 655, 2367 = 2*a + 3*i. What is the thousands digit of a?
1
What is the units digit of 1 - (176046/(-4) - -1) - (-2258)/4516?
2
Let s(n) = -10*n + 73. Let z(o) = -8*o + 72. Let a(v) = -5*s(v) + 6*z(v). What is the tens digit of a(35)?
3
What is the hundreds digit of (-1*103560/50)/(7/(-175))?
7
What is the units digit of 5692 - 30/15*-2?
6
Let p(g) = -22*g**2 - g - 37*g**2 + 57*g**2 + 13*g**3 + 571*g**3. What is the tens digit of p(1)?
8
Let g be (2 - (-6)/3)/(-2) + 6. Suppose 1700 = 4*p - g*k, -p - k + 163 = -270. Suppose 9*h - p = 75. What is the units digit of h?
6
Let l = 27 - -109. Suppose 0 = 4*p + 2*g - l, 4*g + 4 = -4. Suppose -2*j + p + 31 = 0. What is the tens digit of j?
3
Suppose -14*d + 23*d = 54. Suppose 13*m - 987 = d*m. What is the units digit of m?
1
Let o(p) = -159*p - 15. Let f be o(-8). Suppose 4*b + d = 2479, 3*d = -b + 3*b - f. What is the hundreds digit of b?
6
Suppose 121*t + 5689 - 451684 = 22*t. What is the units digit of t?
5
What is the thousands digit of ((299900/24)/(-25)*-2)/(1/9)?
8
Let f(b) = 2*b**2 - 3*b - 31. Suppose 93 = 6*z + 27. What is the tens digit of f(z)?
7
Suppose 0*v - 13778 = -2*m + 4*v, -3*m = 5*v - 20678. Suppose 0 = -22*j + 6397 + m. What is the units digit of j?
4
Let r be 15/(-25)*5*(1 + -2). Suppose -5*w - 5 = 5*a, -2*a - w = r + 3. Let h(d) = -d**2 - 7*d - 3. What is the units digit of h(a)?
7
Let y be (-16)/8*-6*22/3. Let i = 330 - y. What is the hundreds digit of i?
2
Suppose -18*c - 72 + 53 + 55 = 0. Suppose 4*d - 12 = -0. Suppose -c*a + 345 = d*a. What is the tens digit of a?
6
Let y(t) = -18*t - 235. Let c be y(-8). What is the units digit of 5/((-35)/c) + -4?
9
Suppose -22*f - 6*p - 229 = -24*f - 3, 0 = 3*p. Let z(t) = t**3 + 49. Let v be z(0). Let c = v + f. What is the units digit of c?
2
Suppose -4*n + 311 = 115. Let y be 418*21/28 - 1/(-2). Suppose 5*l = 3*k + y, -3*k = -l - 7*k + n. What is the tens digit of l?
6
Let r be (-76)/28 - 4/14. Let c be (-1 - (1 + r))*246. Suppose -2*x + c = x. What is the units digit of x?
2
Let b be 3 + (2 - 1) + (3 - 4). Suppose -16*h = -b*h - 7631. What is the tens digit of h?
8
Suppose 59*p - 63*p + 120 = 0. Suppose 3*g = r + 10, 2*g = 2*r - 3*r + 5. Suppose -165 = -g*t + p. What is the units digit of t?
5
Let b(q) = -q**3 + 3*q + 2. Let x be (-1)/3 - 190/6. Let k = -36 - x. What is the units digit of b(k)?
4
Suppose -k = -210 - 209. Let u = k + 1505. What is the thousands digit of u?
1
Let u(q) = 129*q**2 - 41*q + 6. What is the units digit of u(-9)?
4
Let y(a) = -650*a - 5443. What is the ten thousands digit of y(-32)?
1
Let i(g) = -g**3 - 5*g**2 - 6*g + 7. Suppose 0 = 6*t + 14 + 16. Let h be i(t). What is the tens digit of 8*h/30 + 38/285?
1
Let g = 193 + -190. What is the units digit of (g - 7) + 1 + 144?
1
Let p = -10246 + 23517. What is the tens digit of p?
7
Let v(d) = d - 55. Let f be v(-5). What is the hundreds digit of -2 + (-15068)/f + (-2)/15?
2
Let m be 1/(4/(-376)) + -3 + 5. Let c = m + 73. Let t(o) = -2*o**2 - 41*o + 8. What is the units digit of t(c)?
5
Let v(t) = -23*t**3 + 2*t**2 + t - 5. Let d(z) = -z**2 + 19*z + 147. Let m be d(-6). What is the tens digit of v(m)?
3
Let d(v) = 540*v - 999. What is the hundreds digit of d(10)?
4
Let z(v) = 30*v**3 + 21*v**2 + 48*v + 4. What is the thousands digit of z(10)?
2
Suppose -10752 - 2401 = -c + 5*v, -5*v = c - 13153. What is the tens digit of c?
5
Let b be 10 + (-4)/(-12)*9. Let k(s) = 11*s + 6*s**2 + b*s**3 - 7 + 10*s**3 + s - 24*s**3. What is the tens digit of k(7)?
2
Let x be ((-24)/(-16))/((-2394)/(-1196) + -2). Let v = x + -445. What is the tens digit of v?
5
What is the units digit of -5 - 35/((-735)/228186)?
1
Let n be 6*7/(-70)*-5. Let f(c) = 4*c**3 - 5*c**2 + 9*c - 5. What is the tens digit of f(n)?
8
Let z(k) = -794*k - 142. Let m be z(-3). Let s = -1177 + m. What is the units digit of s?
3
Let u = 34754 - 11915. What is the thousands digit of u?
2
Suppose -2*s + 6579 = 4*h - 6009, -5*s + 31498 = 3*h. What is the tens digit of s?
0
Let t be (-126)/(-72)*-1*(-64)/(-2). Let j = t + 55. What is the hundreds digit of 135 - (j + 3 + -4)?
1
Suppose 1177 = 5*a - 908. Suppose -3*j + 9 = 0, a = 4*v + 3*j + 104. Let g = v + -18. What is the tens digit of g?
5
Let l = 9527 + -5235. What is the units digit of l?
2
Suppose -4992*n + 5008*n = 518624. What is the hundreds digit of n?
4
Let y be 1 + -6 + 2 + -28. Let u(x) = x**2 + 20*x - 45. What is the hundreds digit of u(y)?
2
Let l(c) = 222*c**2 + 3*c - 3. Let i be l(1). What is the units digit of 0 + i - (-16)/(6 + 2)?
4
Let r = -15 - -51. Let h = -18 + r. Suppose 20*c = h*c + 156. What is the tens digit of c?
7
Let m be (2/((-4)/15))/(126/(-420)). What is the tens digit of 1160/m*(-105)/(-6)?
1
Let v(n) = n**2 - n + 8. Let s be v(0). Suppose -65 = s*i + 23. What is the tens digit of (-4 - i - 4) + 8?
1
What is the hundreds digit of